 30 = 2*z - 2*o, 3*o = -2*z - 2*o + p. What is the tens digit of z?
1
Let g(u) = 16*u + 1. Let x be g(-1). Let b = -7 - x. What is the units digit of b?
8
Suppose 6 = -p - 2*p, -4*p = -l + 14. What is the units digit of (2/(-4))/(l/(-276))?
3
Suppose -4 = x + 3. Let h be (-2)/(((-6)/x)/(-3)). Let a(l) = -l**2 + 6*l + 9. What is the units digit of a(h)?
2
Let a(i) = -i**2 + 8*i - 4. Let q be (-1 - -2 - -3) + 1. What is the units digit of a(q)?
1
Suppose -17*f = -9*f - 840. What is the units digit of f?
5
Let q(m) = m**2 + 2*m - 9. Let j(g) = g**2 + 7*g + 2. Let x be j(-5). What is the tens digit of q(x)?
3
Let b be ((2 - 1) + 0)*3. Suppose -5*i + i + 2*u + 62 = 0, b*u + 2 = -i. What is the units digit of i?
3
Suppose 3*h - 4*s - 18 = 0, h = s - 3 + 9. Suppose -2*x + 0 = 2*i - 8, 2*i - h = -3*x. What is the units digit of i?
6
Let h be 3*(1 + 16/(-6)). Let v = 9 + h. Suppose -y + 22 = 3*r - 0*y, r = -v*y + 11. What is the units digit of r?
7
Suppose 3*j = 6 + 9. Let x(i) = -i**3 + 8*i**2 - 3*i - 6. What is the tens digit of x(j)?
5
Suppose 8*j - 21 = 67. What is the units digit of j?
1
Suppose -4*t - 2*x = -462, -3*x + 4 = -11. What is the units digit of t?
3
Suppose -g + 0*o - 4*o + 20 = 0, -4*o + 4 = -3*g. Suppose 4*y - 3*f - 2*f = 25, -3*y + g*f = -18. What is the tens digit of y?
1
Suppose k - 4*s - 8 = 0, 2*k - 4*s = 3*k. Suppose k*x = 26 + 22. What is the units digit of x?
2
Suppose -5*s = i - 3*i - 13, 3*i + 14 = 2*s. Let p = s - -5. What is the units digit of p?
6
Suppose q = -q + 6. Suppose -3 = -4*k - 3*b + q, 3*b = -5*k + 6. Suppose f = 4*f + 3*l - 15, k = 5*f + 2*l - 28. What is the units digit of f?
6
Let y(b) = b. Let g be y(-5). Let c(z) = -z. Let s be c(g). Let m = s - -9. What is the units digit of m?
4
Let j(w) = -4*w + 1. Let x be j(2). Let b = x + 10. Suppose 3*g = -b + 57. What is the units digit of g?
8
Let l = -13 - -88. Suppose 3*w + 6*n = 4*n + 70, -3*w = -3*n - l. What is the units digit of w?
4
Suppose -13 = -2*c - 5. Suppose -39 = -c*i + 41. What is the tens digit of i?
2
Suppose -134 = -k - 4*b, -3*k - k + 3*b = -517. What is the hundreds digit of k?
1
Suppose -4*x - 17 = -1, 0 = 5*a + 5*x - 230. What is the units digit of a?
0
Let i(d) = 3*d + 3. What is the tens digit of i(8)?
2
Let b(o) = o + 15. What is the tens digit of b(-5)?
1
Suppose 16 = 3*m + r - 677, 0 = -3*m - 4*r + 684. What is the units digit of m?
2
Suppose -4*i + 115 + 129 = 0. What is the tens digit of i?
6
Let j(o) be the third derivative of o**4/4 - 5*o**3/3 - 8*o**2. What is the units digit of j(5)?
0
Suppose 39 + 81 = 4*t - 5*r, 0 = -4*t + 2*r + 120. Suppose f = -4*f + t. What is the units digit of (-2)/f + (-13)/(-3)?
4
Let n(w) = 2*w + 25. What is the tens digit of n(16)?
5
Let x be (-89)/(-6) + 6/36. Suppose 2*v - x = v. What is the units digit of v?
5
Let j(i) = i + 14. Let z be j(5). Let o = z - -11. What is the units digit of o?
0
Suppose 0 = -10*d + 5*d. Suppose d*c + 3*c = -24. What is the units digit of (c/4)/(2/(-8))?
8
Suppose -6 = 5*b - 236. What is the tens digit of b?
4
Let a = -6 - -16. Suppose r = 3*m - 6, -2*m - 4*r - a = -7*m. What is the units digit of (m + 2)/(-2) + 12?
0
Suppose -3*f + 5 = -4. Suppose 20 = f*p + 2*p. Suppose -3*r + p + 5 = 0. What is the units digit of r?
3
Suppose 0 = -3*j - 8*j + 2343. What is the hundreds digit of j?
2
Suppose -5*q - 70 = -7*q. What is the tens digit of q?
3
Let o be (11 - 9)/(2/(-44)). Let s = 65 + o. What is the tens digit of s?
2
Let n(f) = -5*f + 1. Let r(j) = 4*j - 1. Suppose 8*m - 3*m = 25. Let k(h) = m*n(h) + 6*r(h). What is the units digit of k(-5)?
4
Let o = 57 - 17. What is the units digit of o?
0
Let o(f) = 25*f. What is the tens digit of o(1)?
2
Let p be 1*-2 - -1*49. Suppose -2*b + p = -2*u + 125, 0 = 4*u + b - 161. Let x = u - 29. What is the units digit of x?
1
Let w(b) = 2*b**3 - 2*b**2 + 2*b - 4. What is the units digit of w(3)?
8
What is the units digit of (20/30)/(1/12)?
8
Suppose -5*a + 25 = 5*s, -8*s = -5*a - 4*s + 52. Let q = a - 4. What is the units digit of q?
4
Let a = 312 - 46. What is the tens digit of a?
6
Suppose 4*l - 4*k + 20 = 0, 0*l + 2*k = 3*l + 10. Suppose 0 = -x - l*x - 1, -15 = -4*z - 5*x. What is the units digit of z?
5
Suppose -3*x + 1094 = 5*l, l + 0*x - 205 = 4*x. What is the tens digit of l?
1
Suppose 5*q = 94 - 4. What is the tens digit of q?
1
Let w(b) = -b**2 - 7*b. Suppose -3*c - 28 = -7. Let a be w(c). What is the units digit of 1/1 + a + 2?
3
Suppose 0 = -0*q + 3*q - 114. Suppose f + 4*y - q = -f, -2*f - 5*y + 42 = 0. What is the tens digit of f?
1
Suppose -5 = 5*u + f - 15, -3 = 4*u + 3*f. Let q = 4 + u. What is the units digit of q?
7
Let m(z) = 11*z - 2*z + 8*z**3 + 7*z**3 - 4*z**2. Let f(g) = -4*g**3 + g**2 - 2*g. Let t(x) = 9*f(x) + 2*m(x). What is the units digit of t(-1)?
7
Suppose c = -w - 23, -3*c = -2*w + 22 + 32. Let l be (c/(-35))/(2/7). Let r = 8 - l. What is the units digit of r?
6
Let r be 0 - (-1 - 0)*4. Suppose -30 = -2*p + r. What is the tens digit of p?
1
Let x(o) = o**2 - 4*o + 3. Let s = 7 + -3. Let a be x(s). Suppose 0 = a*j - 9, 3*i = 6*i - 3*j - 15. What is the units digit of i?
8
Let u(q) = q**3 - 4*q**2 + 2. Let p be u(4). Suppose -o = 5*a + 3*o - 12, o = p*a - 10. Suppose -y = -a*y + 45. What is the tens digit of y?
1
Suppose -8*o + 3*o + 20 = 0. Suppose o*r - 1 = 23. What is the units digit of 2/(-2) - r/(-2)?
2
Let s = -22 + 25. Suppose 0 = -s*f + 60 + 75. What is the units digit of f?
5
Let r(v) = -3*v**2 + 8*v + 6. Let f(k) = -2*k**2 + 7*k + 6. Let u(l) = 4*f(l) - 3*r(l). What is the tens digit of u(-8)?
3
Let f be (-18)/(-2)*1/(-3). What is the tens digit of 95/6 + f/(-18)?
1
Let w(d) = d**3 + 9*d**2 - 10*d + 1. What is the hundreds digit of w(-7)?
1
Let b(h) = h**2 + 3*h - 3. Let o be b(-4). What is the units digit of -1 + o/1 + 5?
5
Let n(a) = -2*a**2. Let u be n(1). Let g be (-4)/(-20) + (-52)/10. What is the units digit of -10*g/((-25)/u)?
4
Let k(n) = 4*n**2 + 3*n**2 + 15 - 16 + n + n**3. Let j be k(-7). Let f = 5 - j. What is the tens digit of f?
1
Let w(g) = g**3 + 10*g**2 - 14*g - 4. Suppose -4*s - 63 = s - 4*b, -4*b + 8 = 0. What is the units digit of w(s)?
9
Let y(a) = -a**2 - 2*a - 4. Let p be y(-2). What is the units digit of (104/10 + p)*5?
2
Let w = -147 + 308. What is the hundreds digit of w?
1
Let c(h) = 28*h - 4. Let o be c(5). Suppose 0 = -3*x - x + o. What is the tens digit of x?
3
Let p(t) = t**2 + 2*t. Let r be p(-3). What is the units digit of (5 - r) + (1 - 2)?
1
Suppose -11 = 2*q - 5*k, 11 = q + 4*k - 3. Let i = 8 - q. Let s = i + -4. What is the units digit of s?
2
Let x(a) = -a - 4. Let c be x(-10). Suppose -c*o = -3*o - 27. What is the units digit of o?
9
Let v(a) = 2*a - 9. Let j be v(9). Let l be j/12*(-6 + 2). What is the units digit of -1*(l + 2) + 10?
1
Suppose v + v = 8. Suppose f = -v*f + 45. What is the units digit of f?
9
Let o be (-1)/(1/(-1)*1). Let q be 2 + -3 + 5/o. Suppose 3*f + a + 3*a = -1, q*a = f - 5. What is the units digit of f?
1
Let z(r) be the third derivative of r**6/720 + 7*r**5/60 - r**4/24 - r**2. Let l(f) be the second derivative of z(f). What is the units digit of l(-9)?
5
Let r(h) = -h + 1. Let v be r(-3). Suppose 5*k = k - 4*f + v, 5*k + f - 21 = 0. Suppose -2*x - k*j = 2*x - 15, -2*j + 40 = 5*x. What is the units digit of x?
0
Let m = 19 - 11. Let r = 2 + m. What is the units digit of r?
0
Suppose -10*z + 450 = -5*z. What is the units digit of z?
0
Suppose 4*z = 208 + 4. What is the tens digit of z?
5
Let c(b) be the second derivative of b**5/20 + b**4/2 + 5*b**3/6 + b**2/2 - b. Suppose -4*u = u + 25. What is the units digit of c(u)?
1
Let j = 285 + -187. What is the units digit of j?
8
Let v(q) = 2*q**2 - 12*q. Let f be v(9). Suppose -4*m = -m - f. What is the tens digit of m?
1
Let n = 12 + -8. What is the units digit of ((-1)/n)/(-1)*4?
1
Let x(a) = -4 - 3*a - 4*a**3 + 5*a**3 - a**2 + 1. Let y be 7 - (-9)/((-18)/8). What is the units digit of x(y)?
6
Suppose -2*j + 3 = 1. Suppose -j = r - 3. What is the units digit of r?
2
Suppose -3*k + 2*y = -13, -2*y + 7*y = -10. Suppose -k*s + 102 = 5*i, 0*i = 3*i - 4*s - 38. What is the tens digit of i?
1
Suppose -3*g - 14 = -4*h + 9, -4*g + 11 = 3*h. Suppose 276 = h*x + 41. What is the tens digit of x?
4
L